{"id":2824,"date":"2022-08-02T11:12:37","date_gmt":"2022-08-02T10:12:37","guid":{"rendered":"https:\/\/www.calec-dz.org\/?page_id=2824"},"modified":"2022-08-02T11:26:18","modified_gmt":"2022-08-02T10:26:18","slug":"livre-integration-des-objectifs-de-developpement-durable-odd-en-milieu-scolaire-algerien","status":"publish","type":"page","link":"https:\/\/www.calec-dz.org\/?page_id=2824","title":{"rendered":"Livre Int\u00e9gration des Objectifs de D\u00e9veloppement Durable \u00ab ODD \u00bb en Milieu Scolaire Alg\u00e9rien"},"content":{"rendered":"\t\t<div data-elementor-type=\"wp-page\" data-elementor-id=\"2824\" class=\"elementor elementor-2824\">\n\t\t\t\t\t\t<section class=\"elementor-section elementor-top-section elementor-element elementor-element-5375617 elementor-section-boxed elementor-section-height-default elementor-section-height-default\" data-id=\"5375617\" data-element_type=\"section\">\n\t\t\t\t\t\t<div class=\"elementor-container elementor-column-gap-default\">\n\t\t\t\t\t<div class=\"elementor-column elementor-col-100 elementor-top-column elementor-element elementor-element-b1a8c5f\" data-id=\"b1a8c5f\" data-element_type=\"column\">\n\t\t\t<div class=\"elementor-widget-wrap elementor-element-populated\">\n\t\t\t\t\t\t<div class=\"elementor-element elementor-element-076262b elementor-widget elementor-widget-spacer\" data-id=\"076262b\" data-element_type=\"widget\" data-widget_type=\"spacer.default\">\n\t\t\t\t<div class=\"elementor-widget-container\">\n\t\t\t\t\t<div class=\"elementor-spacer\">\n\t\t\t<div class=\"elementor-spacer-inner\"><\/div>\n\t\t<\/div>\n\t\t\t\t<\/div>\n\t\t\t\t<\/div>\n\t\t\t\t<div class=\"elementor-element elementor-element-52047cc elementor-widget elementor-widget-image\" data-id=\"52047cc\" data-element_type=\"widget\" data-widget_type=\"image.default\">\n\t\t\t\t<div class=\"elementor-widget-container\">\n\t\t\t\t\t\t\t\t\t\t\t\t\t<img decoding=\"async\" width=\"150\" height=\"150\" src=\"https:\/\/www.calec-dz.org\/wp-content\/uploads\/2022\/07\/livre-im-150x150.jpg\" class=\"attachment-thumbnail size-thumbnail wp-image-2688\" alt=\"\" srcset=\"https:\/\/www.calec-dz.org\/wp-content\/uploads\/2022\/07\/livre-im-150x150.jpg 150w, https:\/\/www.calec-dz.org\/wp-content\/uploads\/2022\/07\/livre-im-600x600.jpg 600w, https:\/\/www.calec-dz.org\/wp-content\/uploads\/2022\/07\/livre-im-100x100.jpg 100w\" sizes=\"(max-width: 150px) 100vw, 150px\" \/>\t\t\t\t\t\t\t\t\t\t\t\t\t<\/div>\n\t\t\t\t<\/div>\n\t\t\t\t<div class=\"elementor-element elementor-element-8466049 elementor-widget elementor-widget-text-editor\" data-id=\"8466049\" data-element_type=\"widget\" data-widget_type=\"text-editor.default\">\n\t\t\t\t<div class=\"elementor-widget-container\">\n\t\t\t\t\t\t\t<p><strong>Int\u00e9gration des Objectifs de D\u00e9veloppement Durable \u00ab ODD \u00bb en Milieu Scolaire Alg\u00e9rien <\/strong><\/p><p>La raison du d\u00e9veloppement progressif de la sensibilit\u00e9 des pouvoirs publics, de la soci\u00e9t\u00e9 civile et du citoyen alg\u00e9rien vis \u00e0 vis de la protection de l&#8217;environnement et de la pr\u00e9servation de la sant\u00e9 des citoyens est <strong>l\u2019Objectif du D\u00e9veloppement Durable (ODD)<\/strong>. Il est d\u2019une importance primordiale de d\u00e9velopper la culture de d\u00e9veloppement durable dans l\u2019esprit des g\u00e9n\u00e9rations futures et des citoyens.<\/p><p>Afin de concr\u00e9tiser cette d\u00e9marche, il est imp\u00e9ratif d\u2019impulser la culture de d\u00e9veloppement durable dans les \u00e9coles. La mise en \u0153uvre du programme des ODDs sein des \u00e9coles primaires, des coll\u00e8ges et des lyc\u00e9es repose non seulement sur la mobilisation de l\u2019ensemble des acteurs d\u2019un \u00e9tablissement scolaire (\u00e9l\u00e8ves, enseignants, direction, personnels administratifs et techniques, etc.) mais \u00e9galement du territoire (collectivit\u00e9s, associations, parents d\u2019\u00e9l\u00e8ves, etc.).<\/p><p>\u00a0<\/p><p>Une conf\u00e9rence nationale a \u00e9t\u00e9 organis\u00e9e par le R\u00e9seau Alg\u00e9rien d\u2019Economie circulaire et l\u2019Association nationale d\u2019Eco-conception, Analyse de Cycle de vie et D\u00e9veloppement Durable \u2018\u2019Soci\u00e9t\u00e9 Savante\u2019\u2019 Membre R\u00e9seau des Clubs UNESCO En partenariat avec la <em>Chaire d\u2019ALECSO- Economie circulaire et d\u00e9veloppement durable,<\/em> sur le th\u00e8me \u00ab<strong>Int\u00e9gration des Objectifs de D\u00e9veloppement Durable \u00ab ODD \u00bb en Milieu Scolaire Alg\u00e9rien \u2018\u2019<\/strong><\/p><p>A cet effet le livre pr\u00e9sente les contributions pr\u00e9sent\u00e9es lors de cette conf\u00e9rence, publi\u00e9es et \u00e9dit\u00e9es<\/p>\t\t\t\t\t\t<\/div>\n\t\t\t\t<\/div>\n\t\t\t\t<div class=\"elementor-element elementor-element-90bd570 elementor-invisible elementor-widget elementor-widget-heading\" data-id=\"90bd570\" data-element_type=\"widget\" data-settings=\"{&quot;_animation&quot;:&quot;flash&quot;}\" data-widget_type=\"heading.default\">\n\t\t\t\t<div class=\"elementor-widget-container\">\n\t\t\t<h2 class=\"elementor-heading-title elementor-size-default\"><a href=\"https:\/\/www.calec-dz.org\/wp-content\/uploads\/2022\/08\/Livre-Integration-des-Objectifs-de-Developpement-Durable-ODD-en-Milieu-Scolaire-Algerien.pdf\">Lien de Livre <\/a><\/h2>\t\t<\/div>\n\t\t\t\t<\/div>\n\t\t\t\t<div class=\"elementor-element elementor-element-6a149b5 elementor-view-default elementor-widget elementor-widget-icon\" data-id=\"6a149b5\" data-element_type=\"widget\" data-widget_type=\"icon.default\">\n\t\t\t\t<div class=\"elementor-widget-container\">\n\t\t\t\t\t<div class=\"elementor-icon-wrapper\">\n\t\t\t<a class=\"elementor-icon\" href=\"https:\/\/www.calec-dz.org\/\">\n\t\t\t<i aria-hidden=\"true\" class=\"far fa-hand-point-right\"><\/i>\t\t\t<\/a>\n\t\t<\/div>\n\t\t\t\t<\/div>\n\t\t\t\t<\/div>\n\t\t\t\t\t<\/div>\n\t\t<\/div>\n\t\t\t\t\t<\/div>\n\t\t<\/section>\n\t\t\t\t<\/div>\n\t\t","protected":false},"excerpt":{"rendered":"<p>Int\u00e9gration des Objectifs de D\u00e9veloppement Durable \u00ab ODD \u00bb en Milieu Scolaire Alg\u00e9rien La raison du d\u00e9veloppement progressif de la sensibilit\u00e9 des pouvoirs publics, de la soci\u00e9t\u00e9 civile et du citoyen alg\u00e9rien vis \u00e0 vis de la protection de l&#8217;environnement et de la pr\u00e9servation de la sant\u00e9 des citoyens est l\u2019Objectif du D\u00e9veloppement Durable (ODD). [&hellip;]<\/p>\n","protected":false},"author":3,"featured_media":0,"parent":0,"menu_order":0,"comment_status":"closed","ping_status":"closed","template":"elementor_canvas","meta":{"_regular_price":[],"currency_symbol":[],"_uag_custom_page_level_css":"","footnotes":""},"post_slider_layout_featured_media_urls":{"thumbnail":"","post_slider_layout_landscape_large":"","post_slider_layout_portrait_large":"","post_slider_layout_square_large":"","post_slider_layout_landscape":"","post_slider_layout_portrait":"","post_slider_layout_square":"","full":""},"uagb_featured_image_src":{"full":false,"thumbnail":false,"medium":false,"medium_large":false,"large":false,"ug_big":false,"1536x1536":false,"2048x2048":false,"post_slider_layout_landscape_large":false,"post_slider_layout_portrait_large":false,"post_slider_layout_square_large":false,"post_slider_layout_landscape":false,"post_slider_layout_portrait":false,"post_slider_layout_square":false},"uagb_author_info":{"display_name":"fateh boubechiche","author_link":"https:\/\/www.calec-dz.org\/?author=3"},"uagb_comment_info":0,"uagb_excerpt":"Int\u00e9gration des Objectifs de D\u00e9veloppement Durable \u00ab ODD \u00bb en Milieu Scolaire Alg\u00e9rien La raison du d\u00e9veloppement progressif de la sensibilit\u00e9 des pouvoirs publics, de la soci\u00e9t\u00e9 civile et du citoyen alg\u00e9rien vis \u00e0 vis de la protection de l&#8217;environnement et de la pr\u00e9servation de la sant\u00e9 des citoyens est l\u2019Objectif du D\u00e9veloppement Durable (ODD).\u2026","_links":{"self":[{"href":"https:\/\/www.calec-dz.org\/index.php?rest_route=\/wp\/v2\/pages\/2824"}],"collection":[{"href":"https:\/\/www.calec-dz.org\/index.php?rest_route=\/wp\/v2\/pages"}],"about":[{"href":"https:\/\/www.calec-dz.org\/index.php?rest_route=\/wp\/v2\/types\/page"}],"author":[{"embeddable":true,"href":"https:\/\/www.calec-dz.org\/index.php?rest_route=\/wp\/v2\/users\/3"}],"replies":[{"embeddable":true,"href":"https:\/\/www.calec-dz.org\/index.php?rest_route=%2Fwp%2Fv2%2Fcomments&post=2824"}],"version-history":[{"count":10,"href":"https:\/\/www.calec-dz.org\/index.php?rest_route=\/wp\/v2\/pages\/2824\/revisions"}],"predecessor-version":[{"id":2837,"href":"https:\/\/www.calec-dz.org\/index.php?rest_route=\/wp\/v2\/pages\/2824\/revisions\/2837"}],"wp:attachment":[{"href":"https:\/\/www.calec-dz.org\/index.php?rest_route=%2Fwp%2Fv2%2Fmedia&parent=2824"}],"curies":[{"name":"wp","href":"https:\/\/api.w.org\/{rel}","templated":true}]}}