{"id":2802,"date":"2022-07-29T23:10:29","date_gmt":"2022-07-29T22:10:29","guid":{"rendered":"https:\/\/www.calec-dz.org\/?page_id=2802"},"modified":"2022-07-29T23:21:37","modified_gmt":"2022-07-29T22:21:37","slug":"guide-pratique-de-la-mise-en-place-de-la-demarche-danalyse-du-cycle-de-vie","status":"publish","type":"page","link":"https:\/\/www.calec-dz.org\/?page_id=2802","title":{"rendered":"Guide Pratique de la Mise en Place de la D\u00e9marche d\u2019Analyse du Cycle de Vie"},"content":{"rendered":"\t\t<div data-elementor-type=\"wp-page\" data-elementor-id=\"2802\" class=\"elementor elementor-2802\">\n\t\t\t\t\t\t<section class=\"elementor-section elementor-top-section elementor-element elementor-element-c37003a elementor-section-boxed elementor-section-height-default elementor-section-height-default\" data-id=\"c37003a\" data-element_type=\"section\">\n\t\t\t\t\t\t<div class=\"elementor-container elementor-column-gap-default\">\n\t\t\t\t\t<div class=\"elementor-column elementor-col-100 elementor-top-column elementor-element elementor-element-b3313dc\" data-id=\"b3313dc\" data-element_type=\"column\">\n\t\t\t<div class=\"elementor-widget-wrap elementor-element-populated\">\n\t\t\t\t\t\t<div class=\"elementor-element elementor-element-e3fd6a8 elementor-widget elementor-widget-spacer\" data-id=\"e3fd6a8\" data-element_type=\"widget\" data-widget_type=\"spacer.default\">\n\t\t\t\t<div class=\"elementor-widget-container\">\n\t\t\t\t\t<div class=\"elementor-spacer\">\n\t\t\t<div class=\"elementor-spacer-inner\"><\/div>\n\t\t<\/div>\n\t\t\t\t<\/div>\n\t\t\t\t<\/div>\n\t\t\t\t<div class=\"elementor-element elementor-element-6136fdd elementor-widget elementor-widget-image\" data-id=\"6136fdd\" data-element_type=\"widget\" data-widget_type=\"image.default\">\n\t\t\t\t<div class=\"elementor-widget-container\">\n\t\t\t\t\t\t\t\t\t\t\t\t\t<img decoding=\"async\" width=\"150\" height=\"150\" src=\"https:\/\/www.calec-dz.org\/wp-content\/uploads\/2022\/07\/livre-im-150x150.jpg\" class=\"attachment-thumbnail size-thumbnail wp-image-2688\" alt=\"\" srcset=\"https:\/\/www.calec-dz.org\/wp-content\/uploads\/2022\/07\/livre-im-150x150.jpg 150w, https:\/\/www.calec-dz.org\/wp-content\/uploads\/2022\/07\/livre-im-600x600.jpg 600w, https:\/\/www.calec-dz.org\/wp-content\/uploads\/2022\/07\/livre-im-100x100.jpg 100w\" sizes=\"(max-width: 150px) 100vw, 150px\" \/>\t\t\t\t\t\t\t\t\t\t\t\t\t<\/div>\n\t\t\t\t<\/div>\n\t\t\t\t<div class=\"elementor-element elementor-element-ea7d143 elementor-widget elementor-widget-text-editor\" data-id=\"ea7d143\" data-element_type=\"widget\" data-widget_type=\"text-editor.default\">\n\t\t\t\t<div class=\"elementor-widget-container\">\n\t\t\t\t\t\t\t<p><strong>Guide Pratique de la Mise en Place de la D\u00e9marche d\u2019Analyse du Cycle de Vie<\/strong><\/p><p><strong>Selon la Norme ISO 14040 et ISO 14044<\/strong><\/p><p>L\u2019Analyse du Cycle de Vie est un outil de quantification de l\u2019impact d\u2019un produit ou d\u2019un proc\u00e9d\u00e9 depuis l\u2019extraction des mati\u00e8res premi\u00e8res qui le composent jusqu\u2019\u00e0 son \u00e9limination en fin de vie en tenant compte des phases de distribution et d\u2019utilisation. Ces diff\u00e9rentes \u00e9tapes sont plus commun\u00e9ment d\u00e9sign\u00e9es par l\u2019expression \u00ab <em>du berceau \u00e0 la tombe<\/em> \u00bb. Au cours de chacune de ces \u00e9tapes, produits et proc\u00e9d\u00e9s interagissent avec l\u2019environnement.<\/p><p>Le guide intitul\u00e9 \u00ab\u00a0<strong>Guide Pratique de la Mise en Place de la D\u00e9marche d\u2019Analyse du Cycle de Vie Selon la Norme ISO 14040 et ISO 14044<\/strong>\u00bb, se veut un outil pratique pour les acteurs de d\u00e9veloppement et les experts en \u00e9valuation environnementale, pour mieux comprendre la d\u00e9marche Analyse du Cycle de Vie (ACV).<\/p><p>Le guide est destin\u00e9 aux experts dans le domaine de l\u2019environnement industriels, aux enseignants universitaires, aux \u00e9tudiants et aux industriels d\u00e9sirant s\u2019engager dans l\u2019\u00e9coconception et la pr\u00e9servation de l\u2019environnement qui leur servira comme outil d\u2019aide \u00e0 la d\u00e9cision.<\/p><p>\u00a0<\/p>\t\t\t\t\t\t<\/div>\n\t\t\t\t<\/div>\n\t\t\t\t<div class=\"elementor-element elementor-element-2bd07f3 elementor-invisible elementor-widget elementor-widget-heading\" data-id=\"2bd07f3\" data-element_type=\"widget\" data-settings=\"{&quot;_animation&quot;:&quot;flash&quot;}\" data-widget_type=\"heading.default\">\n\t\t\t\t<div class=\"elementor-widget-container\">\n\t\t\t<h2 class=\"elementor-heading-title elementor-size-default\"><a href=\"https:\/\/www.calec-dz.org\/wp-content\/uploads\/2022\/07\/Guide-Pratique-de-la-Mise-en-Place-de-la-Demarche.pdf\">Lien de Livre <\/a><\/h2>\t\t<\/div>\n\t\t\t\t<\/div>\n\t\t\t\t<div class=\"elementor-element elementor-element-80a4a78 elementor-view-default elementor-widget elementor-widget-icon\" data-id=\"80a4a78\" data-element_type=\"widget\" data-widget_type=\"icon.default\">\n\t\t\t\t<div class=\"elementor-widget-container\">\n\t\t\t\t\t<div class=\"elementor-icon-wrapper\">\n\t\t\t<a class=\"elementor-icon\" href=\"https:\/\/www.calec-dz.org\/\">\n\t\t\t<i aria-hidden=\"true\" class=\"far fa-hand-point-right\"><\/i>\t\t\t<\/a>\n\t\t<\/div>\n\t\t\t\t<\/div>\n\t\t\t\t<\/div>\n\t\t\t\t\t<\/div>\n\t\t<\/div>\n\t\t\t\t\t<\/div>\n\t\t<\/section>\n\t\t\t\t<\/div>\n\t\t","protected":false},"excerpt":{"rendered":"<p>Guide Pratique de la Mise en Place de la D\u00e9marche d\u2019Analyse du Cycle de Vie Selon la Norme ISO 14040 et ISO 14044 L\u2019Analyse du Cycle de Vie est un outil de quantification de l\u2019impact d\u2019un produit ou d\u2019un proc\u00e9d\u00e9 depuis l\u2019extraction des mati\u00e8res premi\u00e8res qui le composent jusqu\u2019\u00e0 son \u00e9limination en fin de vie [&hellip;]<\/p>\n","protected":false},"author":3,"featured_media":0,"parent":0,"menu_order":0,"comment_status":"closed","ping_status":"closed","template":"elementor_canvas","meta":{"_regular_price":[],"currency_symbol":[],"_uag_custom_page_level_css":"","footnotes":""},"post_slider_layout_featured_media_urls":{"thumbnail":"","post_slider_layout_landscape_large":"","post_slider_layout_portrait_large":"","post_slider_layout_square_large":"","post_slider_layout_landscape":"","post_slider_layout_portrait":"","post_slider_layout_square":"","full":""},"uagb_featured_image_src":{"full":false,"thumbnail":false,"medium":false,"medium_large":false,"large":false,"ug_big":false,"1536x1536":false,"2048x2048":false,"post_slider_layout_landscape_large":false,"post_slider_layout_portrait_large":false,"post_slider_layout_square_large":false,"post_slider_layout_landscape":false,"post_slider_layout_portrait":false,"post_slider_layout_square":false},"uagb_author_info":{"display_name":"fateh boubechiche","author_link":"https:\/\/www.calec-dz.org\/?author=3"},"uagb_comment_info":0,"uagb_excerpt":"Guide Pratique de la Mise en Place de la D\u00e9marche d\u2019Analyse du Cycle de Vie Selon la Norme ISO 14040 et ISO 14044 L\u2019Analyse du Cycle de Vie est un outil de quantification de l\u2019impact d\u2019un produit ou d\u2019un proc\u00e9d\u00e9 depuis l\u2019extraction des mati\u00e8res premi\u00e8res qui le composent jusqu\u2019\u00e0 son \u00e9limination en fin de vie\u2026","_links":{"self":[{"href":"https:\/\/www.calec-dz.org\/index.php?rest_route=\/wp\/v2\/pages\/2802"}],"collection":[{"href":"https:\/\/www.calec-dz.org\/index.php?rest_route=\/wp\/v2\/pages"}],"about":[{"href":"https:\/\/www.calec-dz.org\/index.php?rest_route=\/wp\/v2\/types\/page"}],"author":[{"embeddable":true,"href":"https:\/\/www.calec-dz.org\/index.php?rest_route=\/wp\/v2\/users\/3"}],"replies":[{"embeddable":true,"href":"https:\/\/www.calec-dz.org\/index.php?rest_route=%2Fwp%2Fv2%2Fcomments&post=2802"}],"version-history":[{"count":13,"href":"https:\/\/www.calec-dz.org\/index.php?rest_route=\/wp\/v2\/pages\/2802\/revisions"}],"predecessor-version":[{"id":2819,"href":"https:\/\/www.calec-dz.org\/index.php?rest_route=\/wp\/v2\/pages\/2802\/revisions\/2819"}],"wp:attachment":[{"href":"https:\/\/www.calec-dz.org\/index.php?rest_route=%2Fwp%2Fv2%2Fmedia&parent=2802"}],"curies":[{"name":"wp","href":"https:\/\/api.w.org\/{rel}","templated":true}]}}

Guide Pratique de la Mise en Place de la Démarche d’Analyse du Cycle de Vie

<div data-elementor-type="wp-page" data-elementor-id="2802" class="elementor elementor-2802">
						<section class="elementor-section elementor-top-section elementor-element elementor-element-c37003a elementor-section-boxed elementor-section-height-default elementor-section-height-default" data-id="c37003a" data-element_type="section">
						<div class="elementor-container elementor-column-gap-default">
					<div class="elementor-column elementor-col-100 elementor-top-column elementor-element elementor-element-b3313dc" data-id="b3313dc" data-element_type="column">
			<div class="elementor-widget-wrap elementor-element-populated">
						<div class="elementor-element elementor-element-e3fd6a8 elementor-widget elementor-widget-spacer" data-id="e3fd6a8" data-element_type="widget" data-widget_type="spacer.default">
				<div class="elementor-widget-container">
					<div class="elementor-spacer">
			<div class="elementor-spacer-inner"></div>
		</div>
				</div>
				</div>
				<div class="elementor-element elementor-element-6136fdd elementor-widget elementor-widget-image" data-id="6136fdd" data-element_type="widget" data-widget_type="image.default">
				<div class="elementor-widget-container">
													<img decoding="async" width="150" height="150" src="https://www.calec-dz.org/wp-content/uploads/2022/07/livre-im-150x150.jpg" class="attachment-thumbnail size-thumbnail wp-image-2688" alt="" srcset="https://www.calec-dz.org/wp-content/uploads/2022/07/livre-im-150x150.jpg 150w, https://www.calec-dz.org/wp-content/uploads/2022/07/livre-im-600x600.jpg 600w, https://www.calec-dz.org/wp-content/uploads/2022/07/livre-im-100x100.jpg 100w" sizes="(max-width: 150px) 100vw, 150px" />													</div>
				</div>
				<div class="elementor-element elementor-element-ea7d143 elementor-widget elementor-widget-text-editor" data-id="ea7d143" data-element_type="widget" data-widget_type="text-editor.default">
				<div class="elementor-widget-container">
							<p><strong>Guide Pratique de la Mise en Place de la Démarche d’Analyse du Cycle de Vie</strong></p><p><strong>Selon la Norme ISO 14040 et ISO 14044</strong></p><p>L’Analyse du Cycle de Vie est un outil de quantification de l’impact d’un produit ou d’un procédé depuis l’extraction des matières premières qui le composent jusqu’à son élimination en fin de vie en tenant compte des phases de distribution et d’utilisation. Ces différentes étapes sont plus communément désignées par l’expression « <em>du berceau à la tombe</em> ». Au cours de chacune de ces étapes, produits et procédés interagissent avec l’environnement.</p><p>Le guide intitulé « <strong>Guide Pratique de la Mise en Place de la Démarche d’Analyse du Cycle de Vie Selon la Norme ISO 14040 et ISO 14044</strong>», se veut un outil pratique pour les acteurs de développement et les experts en évaluation environnementale, pour mieux comprendre la démarche Analyse du Cycle de Vie (ACV).</p><p>Le guide est destiné aux experts dans le domaine de l’environnement industriels, aux enseignants universitaires, aux étudiants et aux industriels désirant s’engager dans l’écoconception et la préservation de l’environnement qui leur servira comme outil d’aide à la décision.</p><p> </p>						</div>
				</div>
				<div class="elementor-element elementor-element-2bd07f3 elementor-invisible elementor-widget elementor-widget-heading" data-id="2bd07f3" data-element_type="widget" data-settings="{&quot;_animation&quot;:&quot;flash&quot;}" data-widget_type="heading.default">
				<div class="elementor-widget-container">
			<h2 class="elementor-heading-title elementor-size-default"><a href="https://www.calec-dz.org/wp-content/uploads/2022/07/Guide-Pratique-de-la-Mise-en-Place-de-la-Demarche.pdf">Lien de Livre </a></h2>		</div>
				</div>
				<div class="elementor-element elementor-element-80a4a78 elementor-view-default elementor-widget elementor-widget-icon" data-id="80a4a78" data-element_type="widget" data-widget_type="icon.default">
				<div class="elementor-widget-container">
					<div class="elementor-icon-wrapper">
			<a class="elementor-icon" href="https://www.calec-dz.org/">
			<i aria-hidden="true" class="far fa-hand-point-right"></i>			</a>
		</div>
				</div>
				</div>
					</div>
		</div>
					</div>
		</section>
				</div>

<p>Guide Pratique de la Mise en Place de la Démarche d’Analyse du Cycle de Vie Selon la Norme ISO 14040 et ISO 14044 L’Analyse du Cycle de Vie est un outil de quantification de l’impact d’un produit ou d’un procédé depuis l’extraction des matières premières qui le composent jusqu’à son élimination en fin de vie [&hellip;]</p>

Guide Pratique de la Mise en Place de la Démarche d’Analyse du Cycle de Vie Selon la Norme ISO 14040 et ISO 14044 L’Analyse du Cycle de Vie est un outil de quantification de l’impact d’un produit ou d’un procédé depuis l’extraction des matières premières qui le composent jusqu’à son élimination en fin de vie…
